e units digit of w/(-24) + (-380)/(-3)?
7
Let s(b) = -b**3 - 8*b**2 + 9*b + 18. Let n be s(-2). Suppose 0*g + g = 4. What is the units digit of 341/g - (-2)/n*3?
5
Suppose 0 = 23*d - 238670 - 428008. What is the tens digit of d?
8
What is the ten thousands digit of 1776138/(-156)*(-3 + 1)?
2
Let y = -4396 - -7607. What is the units digit of y?
1
Suppose -66*r = -68*r + 24. Suppose -4*y = -5*p - r, -9*p = 5*y - 6*p - 52. What is the units digit of y?
8
Let d(n) = n**2 - 50*n + 29. Let h = 469 + -490. What is the units digit of d(h)?
0
Let m(b) = -16*b - 204. Let o be (252/(-30))/(2/10) - 0. What is the hundreds digit of m(o)?
4
Let x(s) = -s**3 - 14*s**2 + 4*s - 57. Let k be x(-15). What is the units digit of (k/21)/(-2)*(-294)/63?
2
Suppose 6*u - 3493 = -u. Suppose 2*q = 239 + u. What is the tens digit of q?
6
Let x(j) = -j**2 - 5*j + 1. Let g be x(3). Let m = g - 92. Let y = m - -199. What is the tens digit of y?
8
Suppose -123*s + 226*s = 1885827. What is the tens digit of s?
0
Let a be 2*(5 - -19)*1/3. Suppose 8*z - 10*z = a. Let g = 17 - z. What is the units digit of g?
5
What is the tens digit of (-4 - 28)/4*(-325991)/328?
5
Let f(o) = -o**2 + 3*o + 3. Let l be f(5). Let v(p) = -31*p - 25. Let z be v(l). Suppose -5*y - 52 = -z. What is the units digit of y?
8
Let s(h) = -1961*h + 50659. What is the units digit of s(0)?
9
Suppose n - 5227 = 4*c + 3172, 4*c = 4*n - 33572. What is the units digit of n?
1
What is the hundreds digit of (12 + (4210 - -9))/1?
2
Let q be (-62)/(1/3*3). Let x = q + 35. Let y = 111 + x. What is the tens digit of y?
8
Suppose -p = 3*y - 1, 4*y - 2*p - 18 = -0*y. Let d(m) = 9*m - 13 - 4*m + 10 + 50*m**y. What is the tens digit of d(1)?
5
Let k be (1*-3)/(12/(-64)) - 0. Suppose 18 = 13*n - k*n. What is the tens digit of (1541/69)/((-2)/n)?
6
Let t = 10 + 12. Suppose p - 6 = -t. What is the units digit of ((-84)/p)/((-3)/(-56))?
8
Suppose 8*j = 3*j + f - 2848, -1716 = 3*j + 3*f. Let a = -179 - j. What is the hundreds digit of a?
3
Let j be -2*(-5)/60*-6. Let v(f) be the third derivative of -15*f**4/8 - f**3/3 - f**2. What is the units digit of v(j)?
3
Suppose -3*v = 3*y + 39, 4*v + v = 3*y - 57. Let t(u) = -44*u + 102. What is the tens digit of t(v)?
3
Suppose 5*r - 3*u - 300374 = 0, r - 4*u = 28231 + 31854. What is the thousands digit of r?
0
Let m(n) = -26 + 311*n - 21 + 1 - 295*n. What is the tens digit of m(21)?
9
Let f = 18337 - 6110. What is the ten thousands digit of f?
1
Suppose -4175 = -2*b - 3*z, 0*b + 4185 = 2*b + 5*z. Suppose 3*o + b = 11*o. What is the tens digit of o?
6
Let a(n) = 6*n**3 - 2*n**2 + 4*n - 3. Let t be a(2). What is the tens digit of 6/t + 9656/30?
2
Let m(l) = -l**2 + 22*l + 14. Let r be m(21). Suppose r*t + 8 = 37*t. Suppose 5*p - 255 = -4*c, -t*c + 7*c - p - 215 = 0. What is the tens digit of c?
7
Let r = -3 - -7. Let i(x) = 10 - r*x**2 - x**2 + 6*x**2 + 6*x. What is the units digit of i(-7)?
7
Let s(w) = 14 + w**2 + 2 + 1 + 8 + 14*w. Let t be s(-12). Let j(v) = 30*v**3 + v - 2. What is the tens digit of j(t)?
2
Let w(t) = -t**2 + 4*t + 87. Let v = -64 - -62. Let k(c) = c**2 + 2*c. Let l be k(v). What is the tens digit of w(l)?
8
What is the thousands digit of -5*(4 + 7 + (-92877)/15)?
0
Suppose 101*o + 52 = 105*o. Let a(i) = -i**3 + 17*i**2 - 51*i + 15. What is the units digit of a(o)?
8
Let p = 3212 - 2282. Suppose -10*o + p = -240. What is the hundreds digit of o?
1
Suppose -4*t + 2*u + 6186 = 0, -24*t + 27*t + 4*u = 4634. What is the units digit of t?
6
Suppose 4*m - 150 = -290. What is the tens digit of -1085*7/m*2?
3
Let q be ((-24)/7)/(-4*6/252). Let h be 1/(-4) + 1 + 441/q. What is the units digit of (2/3)/((h - 7)/36)?
4
Let b be (-3)/(6/(-14)) - (-67 + 72). Suppose -2*n - 5*i + 846 = 0, 4*n - 5*i = -b*i + 1692. What is the hundreds digit of n?
4
Let j(y) = 43*y**2 - 5*y - 9. Suppose 5*d = 2*n + 26, 15*n - 10 = 10*n. What is the units digit of j(d)?
9
Let k(x) = -2391*x + 1871. What is the tens digit of k(-10)?
8
Let u(j) = 45*j + 8. Let g be u(11). Suppose 925*r - 926*r + g = 0. What is the hundreds digit of r?
5
Suppose -3*s + 7*s - 246190 = -6*s. What is the tens digit of s?
1
Let m be (-332)/(-8) + 2 + (-1)/2. Let v(a) = 1121*a + 7. Let h be v(1). Suppose -n + 233 = -3*t, h - m = 5*n + t. What is the tens digit of n?
1
Suppose 9*b = 12174 + 33150. What is the thousands digit of b?
5
Let n = 63397 - 38998. What is the units digit of n?
9
Suppose 3*g + 206 = 4*m + 4372, m + 2774 = 2*g. Suppose 0 = -4*x - 12, 4*x + 3154 + g = 4*o. What is the hundreds digit of o?
1
Let d(m) = -6*m**3 + 6*m**2 - 37*m - 5. Let k be d(6). Let j = k + 1856. What is the tens digit of j?
4
Let a = -262 + 441. Suppose z + 98 = -0*z + 5*y, -5*z - 602 = 3*y. Let i = z + a. What is the tens digit of i?
6
Let x = -2318 - -11589. What is the hundreds digit of x?
2
Let g(l) = l**3 - 23*l**2 - 2*l + 42. Suppose -3*c = 2*x + x - 72, -3*x + 24 = c. What is the tens digit of g(c)?
7
What is the thousands digit of (0 - 1)/(47874/9576 - 5)?
1
Suppose -19*h + 6 = -16*h. Suppose -3*y - 2*s + 767 = -h*y, 0 = -s + 4. What is the units digit of y?
9
Suppose 17*a = 12*a + 95. Suppose 2*l - 5*w = a, -3*l - 4 = 4*w + 2. Suppose 0*k + l*q = -k + 19, 5*k + 3*q - 74 = 0. What is the units digit of k?
3
Suppose 37*v + 4*v - 90300 = -2*v. What is the units digit of v?
0
Suppose 0 = 4*c + 23 - 15. Let k be (-1)/c + 7/((-84)/(-1410)). Suppose 8*n - k = 394. What is the units digit of n?
4
Suppose 2*l = -3*l + 3*b + 18, 5*b = -5. Suppose -i + 5*m + 191 = 0, -l*i + i - 3*m + 395 = 0. What is the tens digit of i?
9
Let b(n) = n**3 - 28*n**2 - 6*n - 111. What is the units digit of b(31)?
6
Let z(y) = -69*y + 4. Let b be z(-14). Let d = b - 526. What is the units digit of d?
4
Let n(o) = 74*o**2 + 28*o + 127. What is the tens digit of n(12)?
1
Suppose 13*v - 166 = -2*w + 18*v, 5*v + 430 = 5*w. What is the thousands digit of w/110 + 16758/15?
1
Let r(i) = i**2 - 2*i + 10. Let j be r(9). Let m = j - 68. Suppose 0 = -h + m*f + 88, -2*h = -f - f - 216. What is the hundreds digit of h?
1
Let q = 477 + -75. What is the units digit of q/(-9)*(90/4)/(-15)?
7
Suppose 59 = -2*j - 25. Let g be 5600/(-48)*j/4. What is the units digit of 1/(g/810 - (-6)/(-4))?
1
Suppose -a + 700 = 4*a. Suppose h - 3*o - a = 0, -o + 4*o + 760 = 5*h. Suppose -r = 3, f + r + 31 - h = 0. What is the tens digit of f?
2
What is the ten thousands digit of (4422/12 - -24)/((-2)/(-76))?
1
Let h(u) = 337*u**2 - 43*u + 315. What is the hundreds digit of h(7)?
5
Suppose 630*u = 650*u - 283260. What is the ten thousands digit of u?
1
Let t(z) = 8*z - 71. Let k be t(26). Let b = -20 + k. What is the hundreds digit of b?
1
Let c = -40974 - -62911. What is the tens digit of c?
3
What is the hundreds digit of ((242/(-1))/(-2))/((-17)/(-935)*5)?
3
Let c(g) = -2*g**2 - g + 7. Let z be c(8). Let n be 1*34*((-3663)/(-18))/(-37). Let h = z - n. What is the tens digit of h?
5
Let c(h) = 2*h**2 - 19*h - 2. Let p be c(14). Let t = 146 - 124. Suppose t - p = -3*a. What is the units digit of a?
4
Let d(o) = -2*o**3 + 6*o**3 - 5*o**3 - 2*o**2 + 2*o**3 - 9*o + 9. Let f be d(4). Suppose 530 = 5*t + f*p, 136 + 180 = 3*t + 5*p. What is the units digit of t?
7
Let j = 18 - 16. Suppose 0 = -j*z - 3*z + 1930. Let s = z + -265. What is the tens digit of s?
2
Let h(x) = -3*x**2 - 183*x - 40. What is the thousands digit of h(-50)?
1
Let t(p) be the second derivative of -157*p**3/6 - 225*p**2/2 - 5*p - 4. What is the units digit of t(-14)?
3
Suppose -3683 = -r + 2890 - 454. What is the tens digit of r?
1
Let x = -240 + 421. Let i = x - 18. What is the tens digit of i?
6
What is the hundreds digit of (-12)/(-10)*47300/66?
8
Let s(c) = c**2. Let d be s(2). Suppose -v = 4*r - 450, 5*v + d*r - 1377 = 825. What is the tens digit of v?
3
Let r(a) = 1 + 2*a + 3 - 3*a + 0 + 2*a**2. Let f be r(3). Let b = 22 - f. What is the units digit of b?
3
Suppose r = 4, 10*s = 9*s - 3*r - 565. Let v = s + 1013. What is the hundreds digit of v?
4
Let v = 27 - 26. Let c be v*(0 + 0)/2. Suppose -4*w + c*x - x = -20, 0 = -2*w - 5*x + 28. What is the units digit of w?
4
Suppose -16 = 4*m - 36. Suppose y + 3*s = 2*y - 41, m*y = s + 177. Suppose -i = y - 263. What is the units digit of i?
8
Suppose -15 = 5*x, -4*p + 5*x + 